-24
Let p(w) = 2*w + 5. Let g(m) = -4*m - 15. Let k(v) = 4*v + 16. Let l(z) = -6*g(z) - 5*k(z). Let i(d) = 6*l(d) - 11*p(d). Calculate i(5).
15
Suppose 15*n = 10*n + 40. Let y be ((-4)/(-6))/(n/(-60)). Let t(s) = -s**3 - 6*s**2 - 5*s - 4. What is t(y)?
-4
Let u(r) = -r**2 + 6*r - 19. Let m(o) = -o**2 + 5*o - 16. Let d(t) = 7*m(t) - 6*u(t). Give d(-4).
-10
Let i = -18 - -12. Let l be (-12)/(-7) - (76/28 + -3). Let f(c) = -4*c + 36. Let z(h) = -h + 12. Let m(t) = l*f(t) - 7*z(t). Calculate m(i).
-6
Let l be (2/5)/(3/(-15)). Let r(u) be the first derivative of 13 + u**2 + 2/3*u**3 + u + 1/4*u**4. What is r(l)?
-3
Suppose -8*c + 234 = 5*c. Suppose y = -i, 2*i = i + 5*y - c. Let r(t) = 2*t**2 + 4*t. Determine r(i).
6
Let z = 256 + -268. Let k(f) = -f - 5. Determine k(z).
7
Let n(g) = 2*g**2 + 26*g + 87. Let m be n(-6). Let z(h) = -h**3 + 6*h**2 + 2*h. Calculate z(m).
33
Let s be (-6)/(-9)*(-30)/(-4). Let l(z) = 4*z**2 - 30*z**2 + 27*z**2 - 3*z - 2. Give l(s).
8
Let m be 40/12 + (-1)/3. Suppose -2 = -3*q + 4. Let a(z) = 0 + z - 5 + q. Calculate a(m).
0
Let w be (-237)/234*-1 - (-2)/13. Let m(c) be the second derivative of -2*c**2 - 1/12*c**4 + 0 - c + w*c**3. Give m(6).
2
Let c = -38 - -40. Let d(u) be the first derivative of 5 + 3*u + 1/2*u**c + 1/3*u**3. What is d(0)?
3
Let y(z) = -10*z + 20. Let j(t) = -24*t + 42. Let p(n) = 2*j(n) - 5*y(n). Calculate p(10).
4
Let k = -61 + 46. Let o(n) = -3*n**2 - 44*n + 17. Let x be o(k). Let s(v) = 2*v + 2*v + 2*v. What is s(x)?
12
Let h(d) = d**2 + 7*d + 9. Let r(l) = -l + 2. Let m be r(-3). Suppose 5*b - 6 = -2*v, 2*b - 43 = m*v - 0*v. What is h(v)?
9
Let d(g) be the second derivative of g**5/20 - 5*g**4/4 - 7*g**3/3 - 33*g**2/2 + 50*g. Give d(16).
-1
Suppose 0 = -0*p + p + 5. Let h(t) = 41757 + 6*t + t**2 - 20882 - 20879. What is h(p)?
-9
Let z be (-31)/(-8) - (-4)/32. Suppose 4*v + 8 = -4*m, -2*v + m + z = -m. Let h(w) = -w**2 + 6. Determine h(v).
6
Let x(k) = 7*k**3 - 6*k**2 + 7*k + 8. Let l(i) = -2*i**3 + i - 1. Let d(v) = 4*l(v) + x(v). Determine d(-7).
-24
Let d(i) be the third derivative of -i**7/1260 + i**6/360 + 7*i**4/24 + 28*i**2. Let y(r) be the second derivative of d(r). Give y(2).
-4
Suppose 88 + 11 = -9*d. Let x(f) = f**3 + 12*f**2 + 10*f + 2. What is x(d)?
13
Let s(i) = 14*i + 2*i**2 + 10 - 3*i**2 + 2*i**2. Determine s(-12).
-14
Let o(a) = -a**3 + 5*a**2 - 6*a + 1. Suppose 43 = 16*l + 27. Suppose 1 + 2 = r. Let y = l + r. Calculate o(y).
-7
Let k(z) = -z**2. Let x(p) = 4*p**2 + p - 3. Let w(u) = 3*k(u) + x(u). Suppose 6*j + 22 = 4. Let g = 0 - j. What is w(g)?
9
Let u(w) = -2*w**3 + 314 + 3*w**2 + 0*w**2 - 317 + 2*w + 3*w**3 + w**2. Suppose -5*r + 5 = -5. Suppose 3*l - 7 = -4*h, l = r*l - 2*h + 11. Determine u(l).
0
Let n(r) = -r - 22. Let x(d) = -15*d**3 - 11*d + 12. Let z be x(1). Give n(z).
-8
Let l(w) = -21 + 230*w + 231*w - 13*w**2 - w**3 - 475*w. What is l(-12)?
3
Let q(r) = r**3 + 12*r**2 + 2*r + 14. Let u(w) = -2*w**3 + 12*w**2 + 31*w - 4. Let i be u(8). Calculate q(i).
-10
Suppose -4*x - 55 + 151 = 0. Let m(q) = 3*q - 23*q**2 - 2*q + x*q**2 - 2. Let l(f) = 2*f + 9. Let w be l(-6). Calculate m(w).
4
Let f(b) = -b - 3*b**2 + 9 + 2*b**2 + 0*b. Let k = -324 - -324. Determine f(k).
9
Suppose 4*o = -3*a - 16, 6*a = 5*o + 4*a + 43. Let s(l) = l**2 + 8*l - 7. What is s(o)?
-14
Suppose -4*l - 5*r - 3 + 21 = 0, 5*r - 11 = -3*l. Let b be (-4)/3*(-6)/4. Let q = l - b. Let j(c) = -c. What is j(q)?
-5
Let y(w) = w**3 + 11*w**2 + 9*w - 7. Let r be y(-10). Let x(f) = 39*f - 1 - 35*f - f**3 - 1 - 1 + 2*f**2. Determine x(r).
0
Suppose -33 = o - 25. Let y(l) = 8*l + 62. Let v be y(o). Let z(j) = -j**2 - 1. What is z(v)?
-5
Let t(y) = -y**3 + y**2 + 3*y + 3. Let j(b) = -b**3 - 2*b**2 + 4*b - 5. Let v be j(-4). Suppose 16*z - 15 = v*z. Give t(z).
-6
Let k(j) = j**2 + 2*j - 2. Suppose -3*r - 3*n = -4*r - 5, -r + 2*n - 4 = 0. What is k(r)?
-2
Let r(g) = -13*g**3 - 2*g**2 - g. Suppose -5*n - 5 = -2*n - 5*q, 5*n - 5*q + 15 = 0. Let t be (-4)/2 - (n + (5 - 1)). Determine r(t).
12
Suppose -q + 5*q - 8 = 4*m, 5*m = 0. Let x(a) = -52*a**2 + 3 + 51*a**q + a**3 - 4 - 1 + a. Give x(0).
-2
Let v be 70/(-168) - 12/(-16). Let u(z) be the third derivative of -4/3*z**3 + 0 + 1/60*z**5 - v*z**4 + 0*z - 9*z**2. Give u(8).
-8
Suppose -8 + 2 = -2*y. Suppose -y*l - 2*h + 9 = -5, -4*h = 3*l - 10. Let z(g) = 3 + 3*g**2 + 6*g + 3 - 4*g**2 - 2. Calculate z(l).
4
Suppose -6*m + 32 = 2*m. Let b(d) = -3*d + 4. Calculate b(m).
-8
Let a(p) = p**2 + 3*p + 5. Suppose 5*u - h = -3*h + 40, -2*h - 8 = -3*u. Let i be (48/(-18))/(u/9). Give a(i).
9
Suppose 10*z - 7*z = 9. Let n be 11 + -6 + z + 0. Suppose -3*h + n*h + 5 = 0. Let j(b) = 10*b**2. Give j(h).
10
Let n(f) = 83*f - 228*f + 74*f + 81*f. Calculate n(-2).
-20
Let o(p) be the first derivative of -p**3/3 - 3*p**2 + 3*p + 3. Let l = -53 + 47. Give o(l).
3
Let x(z) = z**3 + 5*z**2 - z - 1. Let m(d) = 2*d + 2 + 1 - 4*d**3 - 5 - d. Let g be m(1). Determine x(g).
4
Let r be 46/3 - (-3)/(-9). Suppose r = 2*q + 3*q. Suppose 2*p + 31 = 7*p + 2*x, 12 = q*p - x. Let j(d) = d**3 - 4*d**2 - 5*d - 5. What is j(p)?
-5
Suppose 4*u + 38 = 2*u. Let w = -14 - u. Let m(h) = h - w*h + h. Determine m(4).
-12
Let g be -4 - ((-12)/(-3) - 11). Let s(d) = -10 - d**2 + 0 + d**3 + 0 + 0*d**g. Let m = -5 - -5. Determine s(m).
-10
Let k(b) be the first derivative of b**3/3 + b**2/2 - 2*b - 8. Let f(w) be the first derivative of k(w). Calculate f(-1).
-1
Let n(o) = -557 + 13*o**2 - 11*o**2 + 2*o + 555 - o**3. Give n(2).
2
Let v(m) = m**2 - 3*m - 2. Let l be v(6). Suppose 0 = 3*k + k + l. Let s(z) = z**3 + 5*z**2 + 2*z - 3. Give s(k).
5
Let j(g) = 2*g + 2. Suppose -2*n + 1 = n - q, 3*n + 5*q - 13 = 0. Let z(u) = -u - n + 7 + 0*u. Let p be z(8). Give j(p).
-2
Let s = -6/19 - -91/228. Let r(c) be the third derivative of s*c**4 + 0*c + 0 - 3/2*c**3 - 3*c**2. Calculate r(6).
3
Let p be (-2 - 2)*12/(-16). Let j(v) be the third derivative of -v**5/30 + v**4/24 - 2*v**3/3 - 3*v**2. Determine j(p).
-19
Let r = -979 + 982. Let a(v) be the third derivative of 0*v - v**r + 1/24*v**4 + 0 + 6*v**2. Calculate a(4).
-2
Let n be ((-5)/2 - 3) + 36/(-24). Let k(c) = 3*c + 2. What is k(n)?
-19
Let f(i) = -i**3 + 5*i**2 - 2*i - 4. Let p(b) = 2*b**2 - b. Let l be p(-1). Calculate f(l).
8
Let n(v) = v - 17. Let x be n(19). Let z(w) = -2*w**3 - 2*w**2 + 3*w - 1. Determine z(x).
-19
Let b(j) = -2*j**2 - j - 4. Let z be 2 + (63/14)/3*-4. Determine b(z).
-32
Let i(z) = 4*z**2 - 6*z + 3. Let u be -23 - 6237/(-273) - (-56)/26. What is i(u)?
7
Let s = 93 + -103. Let a(w) = w + 8. Give a(s).
-2
Let y be 153 + (2/12 - 25/(-30)). Let v = -156 + y. Let b(w) = 0 - 2*w**2 + 3*w**2 - w + 1. Calculate b(v).
7
Let n be 2*(-8)/(-96) - 47/(-6). Let h(p) = 7*p - 64. Calculate h(n).
-8
Suppose 2*f = -3*f + 60. Let y = f + -10. Let v(c) = -c**2 + 4*c + 6*c**2 - c**2 - 3*c**y + 1. Calculate v(-3).
-2
Let m(q) = -2*q - 44. Suppose 0 = -16*a - 235 - 101. Calculate m(a).
-2
Suppose -4 = -4*i + l + l, -l = 5*i - 19. Let h(j) = 5*j**2 - 15*j**2 - 3*j + 4 - 2*j**i + 3*j**3 + 5*j**2. What is h(6)?
22
Let f(l) = -3*l + 7. Let q be (77/(-14) + 6)/((-2)/(-4)). Let r be f(q). Let h(m) = m - 6. Give h(r).
-2
Suppose -5*h + p + 45 + 22 = 0, 0 = h + p - 11. Let u be 2114/133 - (-6)/57. Suppose -h*v + u*v = -6. Let z(g) = g. Calculate z(v).
-2
Let z(v) = 13*v + 28. Let r(j) = -2*j - 4. Let g(u) = -6*r(u) - z(u). Give g(-11).
7
Let h(a) = -a**2 - 4. Let w be (-8)/4 - (-2 - 1). Let l = -30 + 31. Let f be (l - w)*(-1)/2. Give h(f).
-4
Let i(d) = -d**2 - 4*d - 23. Let q(a) = -a**2 - 3*a - 24. Let t(b) = -5*i(b) + 4*q(b). Let p be t(-5). Let l(z) = -z**2 + 5*z - 5. Determine l(p).
-1
Let y(r) = -r**2 + 4*r + 3. Let f(w) = -2*w. Suppose q = 4*z + 25, 4 = -5*q + 5*z + 54. Let h(a) = q*f(a) + y(a). Calculate h(-6).
3
Let p(o) = o**2 + o - 1. Let a be (4 - 1)/3 + 0. Let s(u) = u**3 - 6*u**2 - 7*u + 5. Let x(f) = a*s(f) - 2*p(f). Calculate x(9).
7
Let q(b) = b - 6. Suppose -5*s + 0*s = -25. Suppose 2*k - 15 = 3*y + 5*k, -s*y = -2*k - 10. What is q(y)?
-6
Let r be 2 + (16 - 0/2). Suppose 0 = 3*t - 5*j - 4, 0*t - 5*t = 3*j - r. Let f(l) be the second derivative of l**3/6 - l**2 + 197*l - 2. Give f(t).
1
Let o(d) = 15*d**2 - 4122*d - 8 + 4128*d - 16*d**2. Suppose 4 = -q + 10. Calc